ded by 14913.
56
Calculate the remainder when 144611 is divided by 605.
16
What is the remainder when 141769 is divided by 1020?
1009
Calculate the remainder when 1365 is divided by 12.
9
Calculate the remainder when 1221 is divided by 107.
44
Calculate the remainder when 1157 is divided by 83.
78
Calculate the remainder when 2736 is divided by 250.
236
What is the remainder when 293707 is divided by 115?
112
Calculate the remainder when 2861 is divided by 410.
401
Calculate the remainder when 2575 is divided by 580.
255
Calculate the remainder when 8281 is divided by 1354.
157
What is the remainder when 3044 is divided by 446?
368
Calculate the remainder when 158 is divided by 80.
78
What is the remainder when 1593498 is divided by 100?
98
What is the remainder when 13044 is divided by 87?
81
What is the remainder when 7594 is divided by 95?
89
Calculate the remainder when 47220 is divided by 81.
78
Calculate the remainder when 8393 is divided by 200.
193
Calculate the remainder when 17165 is divided by 17117.
48
Calculate the remainder when 11682057 is divided by 780.
777
What is the remainder when 25887 is divided by 1131?
1005
Calculate the remainder when 51769 is divided by 2588.
9
Calculate the remainder when 1230680 is divided by 483.
479
Calculate the remainder when 412118 is divided by 262.
254
Calculate the remainder when 10099 is divided by 480.
19
What is the remainder when 1038530 is divided by 2191?
2187
What is the remainder when 10608 is divided by 441?
24
Calculate the remainder when 4713 is divided by 278.
265
Calculate the remainder when 192474 is divided by 96.
90
Calculate the remainder when 1041 is divided by 273.
222
What is the remainder when 14627 is divided by 181?
147
Calculate the remainder when 77634 is divided by 68.
46
Calculate the remainder when 14236 is divided by 47.
42
What is the remainder when 166 is divided by 28?
26
Calculate the remainder when 949 is divided by 428.
93
What is the remainder when 396738 is divided by 366?
360
What is the remainder when 113341 is divided by 88?
85
What is the remainder when 6497 is divided by 2699?
1099
What is the remainder when 3482 is divided by 893?
803
What is the remainder when 867 is divided by 733?
134
Calculate the remainder when 11655 is divided by 981.
864
What is the remainder when 2106 is divided by 104?
26
Calculate the remainder when 11579 is divided by 269.
12
Calculate the remainder when 88550 is divided by 132.
110
Calculate the remainder when 1814 is divided by 550.
164
Calculate the remainder when 16155 is divided by 559.
503
Calculate the remainder when 2400 is divided by 197.
36
What is the remainder when 1244 is divided by 547?
150
Calculate the remainder when 1696 is divided by 561.
13
Calculate the remainder when 155139 is divided by 11.
6
What is the remainder when 1735 is divided by 552?
79
Calculate the remainder when 9128 is divided by 4563.
2
Calculate the remainder when 1179 is divided by 4.
3
What is the remainder when 35771 is divided by 1022?
1
What is the remainder when 2409 is divided by 78?
69
Calculate the remainder when 7647 is divided by 82.
21
Calculate the remainder when 222158 is divided by 38.
10
What is the remainder when 687190 is divided by 418?
416
Calculate the remainder when 5730 is divided by 261.
249
Calculate the remainder when 4635 is divided by 39.
33
What is the remainder when 2712 is divided by 252?
192
What is the remainder when 3851 is divided by 9?
8
What is the remainder when 88789 is divided by 65?
64
What is the remainder when 50695 is divided by 10138?
5
What is the remainder when 58433 is divided by 3070?
103
What is the remainder when 3450 is divided by 438?
384
What is the remainder when 293 is divided by 93?
14
What is the remainder when 6114 is divided by 407?
9
Calculate the remainder when 83152 is divided by 40.
32
What is the remainder when 4427417 is divided by 310?
307
Calculate the remainder when 88079 is divided by 44032.
15
Calculate the remainder when 18407607 is divided by 390.
387
Calculate the remainder when 574365 is divided by 1013.
1007
What is the remainder when 312061 is divided by 64?
61
What is the remainder when 2397 is divided by 238?
17
Calculate the remainder when 7589 is divided by 7581.
8
Calculate the remainder when 670463 is divided by 1152.
1151
What is the remainder when 570 is divided by 532?
38
Calculate the remainder when 739 is divided by 57.
55
Calculate the remainder when 331400 is divided by 101.
19
What is the remainder when 9458 is divided by 4718?
22
Calculate the remainder when 3311 is divided by 1652.
7
Calculate the remainder when 5463 is divided by 86.
45
Calculate the remainder when 426592 is divided by 277.
12
What is the remainder when 41579 is divided by 270?
269
What is the remainder when 8544 is divided by 486?
282
Calculate the remainder when 527471 is divided by 16.
15
What is the remainder when 281772 is divided by 255?
252
What is the remainder when 3381 is divided by 64?
53
Calculate the remainder when 671657 is divided by 39.
38
Calculate the remainder when 21366 is divided by 5338.
14
Calculate the remainder when 24149 is divided by 158.
133
What is the remainder when 218230 is divided by 124?
114
What is the remainder when 14677 is divided by 2919?
82
What is the remainder when 5825 is divided by 1111?
270
Calculate the remainder when 163866 is divided by 11.
10
Calculate the remainder when 260751 is divided by 973.
960
What is the remainder when 616370 is divided by 205449?
23
What is the remainder when 1380672 is divided by 22?
18
Calculate the remainder when 14877 is divided by 124.
121
What is the remainder when 47081 is divided by 149?
146
Calculate the remainder when 12051 is divided by 431.
414
What is the remainder when 5801 is divided by 264?
257
What is the remainder when 631 is divided by 606?
25
Calculate the remainder when 2398 is divided by 794.
16
What is the remainder when 28459 is divided by 605?
24
Calculate the remainder when 2198317 is divided by 74.
73
What is the remainder when 5344 is divided by 644?
192
What is the remainder when 13794 is divided by 219?
216
Calculate the remainder when 18611 is divided by 219.
215
Calculate the remainder when 109397 is divided by 1888.
1781
Calculate the remainder when 17334 is divided by 42.
30
What is the remainder when 130747 is divided by 7?
1
Calculate the remainder when 21903 is divided by 281.
266
What is the remainder when 707439 is divided by 471?
468
What is the remainder when 2113 is divided by 21?
13
What is the remainder when 7697 is divided by 15?
2
Calculate the remainder when 11582 is divided by 71.
9
Calculate the remainder when 3851 is divided by 3822.
29
Calculate the remainder when 650 is divided by 308.
34
Calculate the remainder when 67527 is divided by 16869.
51
What is the remainder when 684 is divided by 225?
9
What is the remainder when 879 is divided by 37?
28
What is the remainder when 1641483 is divided by 22?
19
What is the remainder when 9170 is divided by 22?
18
Calculate the remainder when 1299 is divided by 407.
78
Calculate the remainder when 7946 is divided by 498.
476
What is the remainder when 4975 is divided by 138?
7
What is the remainder when 58990 is divided by 29468?
54
Calculate the remainder when 3007 is divided by 211.
53
What is the remainder when 62840 is divided by 1?
0
Calculate the remainder when 21207 is divided by 21.
18
Calculate the remainder when 5143 is divided by 275.
193
What is the remainder when 668886 is divided by 37?
0
What is the remainder when 84970 is divided by 21242?
2
What is the remainder when 154 is divided by 22?
0
What is the remainder when 6954357 is divided by 408?
405
Calculate the remainder when 354 is divided by 38.
12
What is the remainder when 1606484 is divided by 988?
984
Calculate the remainder when 63965 is divided by 32.
29
Calculate the remainder when 30447 is divided by 3043.
17
What is the remainder when 22371 is divided by 65?
11
Calculate the remainder when 1281464 is divided by 15.
14
What is the remainder when 310 is divided by 21?
16
Calculate the remainder when 8525 is divided by 2836.
17
Calculate the remainder when 1424 is divided by 469.
17
Calculate the remainder when 3074 is divided by 1